{"id":235,"date":"2020-09-14T09:57:08","date_gmt":"2020-09-14T09:57:08","guid":{"rendered":"http:\/\/www.kristalhacamat.com\/?page_id=235"},"modified":"2020-10-13T13:33:18","modified_gmt":"2020-10-13T13:33:18","slug":"hacamat-malzemeleri","status":"publish","type":"page","link":"https:\/\/www.kristalhacamat.com\/?page_id=235","title":{"rendered":"Hacamat Malzemeleri"},"content":{"rendered":"\n<p>Kupa, Pompa, \u0130\u011fne, Kalem, Kalem u\u00e7lar\u0131, Argan Ya\u011f\u0131 ve daha fazlas\u0131 i\u00e7in l\u00fctfen ileti\u015fime ge\u00e7iniz&#8230;.<\/p>\n\n\n\n<figure class=\"wp-block-image size-large is-style-rounded\"><img loading=\"lazy\" width=\"1024\" height=\"768\" src=\"http:\/\/www.kristalhacamat.com\/wp-content\/uploads\/2020\/09\/WhatsApp-Image-2020-09-02-at-19.23.01-1024x768.jpeg\" alt=\"\" class=\"wp-image-193\" srcset=\"https:\/\/www.kristalhacamat.com\/wp-content\/uploads\/2020\/09\/WhatsApp-Image-2020-09-02-at-19.23.01-1024x768.jpeg 1024w, https:\/\/www.kristalhacamat.com\/wp-content\/uploads\/2020\/09\/WhatsApp-Image-2020-09-02-at-19.23.01-300x225.jpeg 300w, https:\/\/www.kristalhacamat.com\/wp-content\/uploads\/2020\/09\/WhatsApp-Image-2020-09-02-at-19.23.01-768x576.jpeg 768w, https:\/\/www.kristalhacamat.com\/wp-content\/uploads\/2020\/09\/WhatsApp-Image-2020-09-02-at-19.23.01-1536x1152.jpeg 1536w, https:\/\/www.kristalhacamat.com\/wp-content\/uploads\/2020\/09\/WhatsApp-Image-2020-09-02-at-19.23.01.jpeg 1600w\" sizes=\"(max-width: 1024px) 100vw, 1024px\" \/><\/figure>\n\n\n\n<div class=\"wp-block-image\"><figure class=\"aligncenter size-large is-resized\"><img loading=\"lazy\" src=\"http:\/\/www.kristalhacamat.com\/wp-content\/uploads\/2020\/09\/1_org_zoom.jpg\" alt=\"\" class=\"wp-image-236\" width=\"280\" height=\"400\"\/><figcaption>7cm \u00c7ap\u0131nda 10&#8217;lu Paket  Hacamat Kupas\u0131<\/figcaption><\/figure><\/div>\n\n\n\n<div class=\"wp-block-image\"><figure class=\"aligncenter size-large is-resized\"><img loading=\"lazy\" src=\"http:\/\/www.kristalhacamat.com\/wp-content\/uploads\/2020\/09\/1_org_zoom.jpg\" alt=\"\" class=\"wp-image-236\" width=\"250\" height=\"350\"\/><figcaption>5cm \u00c7ap\u0131nda 10&#8217;lu Paket Hacamat Kupas\u0131<\/figcaption><\/figure><\/div>\n\n\n\n<div class=\"wp-block-image\"><figure class=\"aligncenter size-large is-resized\"><img loading=\"lazy\" src=\"http:\/\/www.kristalhacamat.com\/wp-content\/uploads\/2020\/09\/1_org_zoom.jpg\" alt=\"\" class=\"wp-image-236\" width=\"200\" height=\"270\"\/><figcaption><br>3cm \u00c7ap\u0131nda 10&#8217;lu Paket Hacamat Kupas\u0131<\/figcaption><\/figure><\/div>\n\n\n\n<div class=\"wp-block-image\"><figure class=\"aligncenter size-large is-resized\"><img loading=\"lazy\" src=\"http:\/\/www.kristalhacamat.com\/wp-content\/uploads\/2020\/10\/23g.png\" alt=\"\" class=\"wp-image-251\" width=\"280\" height=\"400\"\/><figcaption>23G Hacamat Kalem \u0130\u011fnesi<\/figcaption><\/figure><\/div>\n\n\n\n<div class=\"wp-block-image is-style-rounded\"><figure class=\"aligncenter size-large\"><img loading=\"lazy\" width=\"475\" height=\"360\" src=\"http:\/\/www.kristalhacamat.com\/wp-content\/uploads\/2020\/09\/hacamat-kalemi-1-1.jpg\" alt=\"\" class=\"wp-image-238\" srcset=\"https:\/\/www.kristalhacamat.com\/wp-content\/uploads\/2020\/09\/hacamat-kalemi-1-1.jpg 475w, https:\/\/www.kristalhacamat.com\/wp-content\/uploads\/2020\/09\/hacamat-kalemi-1-1-300x227.jpg 300w\" sizes=\"(max-width: 475px) 100vw, 475px\" \/><figcaption>3 \u0130\u011fneli Hacamat Kalemi<\/figcaption><\/figure><\/div>\n\n\n\n<div class=\"wp-block-image is-style-rounded\"><figure class=\"aligncenter size-large\"><img loading=\"lazy\" width=\"450\" height=\"450\" src=\"http:\/\/www.kristalhacamat.com\/wp-content\/uploads\/2020\/10\/1igne.jpg\" alt=\"\" class=\"wp-image-252\" srcset=\"https:\/\/www.kristalhacamat.com\/wp-content\/uploads\/2020\/10\/1igne.jpg 450w, https:\/\/www.kristalhacamat.com\/wp-content\/uploads\/2020\/10\/1igne-300x300.jpg 300w, https:\/\/www.kristalhacamat.com\/wp-content\/uploads\/2020\/10\/1igne-150x150.jpg 150w, https:\/\/www.kristalhacamat.com\/wp-content\/uploads\/2020\/10\/1igne-100x100.jpg 100w\" sizes=\"(max-width: 450px) 100vw, 450px\" \/><figcaption>Tek \u0130\u011fneli Hacamat Kalemi<\/figcaption><\/figure><\/div>\n\n\n\n<div class=\"wp-block-image is-style-rounded\"><figure class=\"aligncenter size-large\"><img loading=\"lazy\" width=\"500\" height=\"500\" src=\"http:\/\/www.kristalhacamat.com\/wp-content\/uploads\/2020\/10\/3parmak.jpg\" alt=\"\" class=\"wp-image-253\" srcset=\"https:\/\/www.kristalhacamat.com\/wp-content\/uploads\/2020\/10\/3parmak.jpg 500w, https:\/\/www.kristalhacamat.com\/wp-content\/uploads\/2020\/10\/3parmak-300x300.jpg 300w, https:\/\/www.kristalhacamat.com\/wp-content\/uploads\/2020\/10\/3parmak-150x150.jpg 150w, https:\/\/www.kristalhacamat.com\/wp-content\/uploads\/2020\/10\/3parmak-100x100.jpg 100w\" sizes=\"(max-width: 500px) 100vw, 500px\" \/><figcaption>\u0130ki Parmak Hacamat Pompas\u0131<\/figcaption><\/figure><\/div>\n\n\n\n<div class=\"wp-block-image is-style-default\"><figure class=\"aligncenter size-large\"><img loading=\"lazy\" width=\"550\" height=\"550\" src=\"http:\/\/www.kristalhacamat.com\/wp-content\/uploads\/2020\/10\/4parmak-.jpg\" alt=\"\" class=\"wp-image-256\" srcset=\"https:\/\/www.kristalhacamat.com\/wp-content\/uploads\/2020\/10\/4parmak-.jpg 550w, https:\/\/www.kristalhacamat.com\/wp-content\/uploads\/2020\/10\/4parmak--300x300.jpg 300w, https:\/\/www.kristalhacamat.com\/wp-content\/uploads\/2020\/10\/4parmak--150x150.jpg 150w, https:\/\/www.kristalhacamat.com\/wp-content\/uploads\/2020\/10\/4parmak--100x100.jpg 100w\" sizes=\"(max-width: 550px) 100vw, 550px\" \/><figcaption>D\u00f6rt Parmak Hacamat Pompas\u0131<\/figcaption><\/figure><\/div>\n\n\n\n<div class=\"wp-block-image is-style-default\"><figure class=\"aligncenter size-large\"><img loading=\"lazy\" width=\"442\" height=\"667\" src=\"http:\/\/www.kristalhacamat.com\/wp-content\/uploads\/2020\/10\/ar1-1.jpg\" alt=\"\" class=\"wp-image-261\" srcset=\"https:\/\/www.kristalhacamat.com\/wp-content\/uploads\/2020\/10\/ar1-1.jpg 442w, https:\/\/www.kristalhacamat.com\/wp-content\/uploads\/2020\/10\/ar1-1-199x300.jpg 199w\" sizes=\"(max-width: 442px) 100vw, 442px\" \/><figcaption>Kantoron Ya\u011f\u0131 20gr<\/figcaption><\/figure><\/div>\n\n\n\n<div class=\"wp-block-image is-style-default\"><figure class=\"aligncenter size-large\"><img loading=\"lazy\" width=\"442\" height=\"667\" src=\"http:\/\/www.kristalhacamat.com\/wp-content\/uploads\/2020\/10\/ar1-1.jpg\" alt=\"\" class=\"wp-image-261\" srcset=\"https:\/\/www.kristalhacamat.com\/wp-content\/uploads\/2020\/10\/ar1-1.jpg 442w, https:\/\/www.kristalhacamat.com\/wp-content\/uploads\/2020\/10\/ar1-1-199x300.jpg 199w\" sizes=\"(max-width: 442px) 100vw, 442px\" \/><figcaption>Kantoron Ya\u011f\u0131 30gr<\/figcaption><\/figure><\/div>\n\n\n\n<div class=\"wp-block-image is-style-default\"><figure class=\"aligncenter size-large\"><img loading=\"lazy\" width=\"442\" height=\"667\" src=\"http:\/\/www.kristalhacamat.com\/wp-content\/uploads\/2020\/10\/ar1-1.jpg\" alt=\"\" class=\"wp-image-261\" srcset=\"https:\/\/www.kristalhacamat.com\/wp-content\/uploads\/2020\/10\/ar1-1.jpg 442w, https:\/\/www.kristalhacamat.com\/wp-content\/uploads\/2020\/10\/ar1-1-199x300.jpg 199w\" sizes=\"(max-width: 442px) 100vw, 442px\" \/><figcaption>Kantoron Ya\u011f\u0131 100gr<\/figcaption><\/figure><\/div>\n\n\n\n<div class=\"wp-block-image is-style-default\"><figure class=\"aligncenter size-large is-resized\"><img loading=\"lazy\" src=\"http:\/\/www.kristalhacamat.com\/wp-content\/uploads\/2020\/10\/kapaky4p.jpg\" alt=\"\" class=\"wp-image-269\" width=\"496\" height=\"390\" srcset=\"https:\/\/www.kristalhacamat.com\/wp-content\/uploads\/2020\/10\/kapaky4p.jpg 991w, https:\/\/www.kristalhacamat.com\/wp-content\/uploads\/2020\/10\/kapaky4p-300x236.jpg 300w, https:\/\/www.kristalhacamat.com\/wp-content\/uploads\/2020\/10\/kapaky4p-768x604.jpg 768w\" sizes=\"(max-width: 496px) 100vw, 496px\" \/><figcaption>50 Adt. 7cm Kupa + 4 Parmak Pompa<\/figcaption><\/figure><\/div>\n\n\n\n<div class=\"wp-block-image is-style-default\"><figure class=\"aligncenter size-large is-resized\"><img loading=\"lazy\" src=\"http:\/\/www.kristalhacamat.com\/wp-content\/uploads\/2020\/10\/kapaky4p.jpg\" alt=\"\" class=\"wp-image-269\" width=\"496\" height=\"390\" srcset=\"https:\/\/www.kristalhacamat.com\/wp-content\/uploads\/2020\/10\/kapaky4p.jpg 991w, https:\/\/www.kristalhacamat.com\/wp-content\/uploads\/2020\/10\/kapaky4p-300x236.jpg 300w, https:\/\/www.kristalhacamat.com\/wp-content\/uploads\/2020\/10\/kapaky4p-768x604.jpg 768w\" sizes=\"(max-width: 496px) 100vw, 496px\" \/><figcaption>50 Adt. 5cm Kupa + 4 Parmak Pompa<\/figcaption><\/figure><\/div>\n\n\n\n<div class=\"wp-block-image is-style-default\"><figure class=\"aligncenter size-large is-resized\"><img loading=\"lazy\" src=\"http:\/\/www.kristalhacamat.com\/wp-content\/uploads\/2020\/10\/kapaky4p.jpg\" alt=\"\" class=\"wp-image-269\" width=\"496\" height=\"390\" srcset=\"https:\/\/www.kristalhacamat.com\/wp-content\/uploads\/2020\/10\/kapaky4p.jpg 991w, https:\/\/www.kristalhacamat.com\/wp-content\/uploads\/2020\/10\/kapaky4p-300x236.jpg 300w, https:\/\/www.kristalhacamat.com\/wp-content\/uploads\/2020\/10\/kapaky4p-768x604.jpg 768w\" sizes=\"(max-width: 496px) 100vw, 496px\" \/><figcaption>50 Adt. 3cm Kupa + 4 Parmak Pompa<\/figcaption><\/figure><\/div>\n\n\n\n<div class=\"wp-block-image is-style-default\"><figure class=\"aligncenter size-large is-resized\"><img loading=\"lazy\" src=\"http:\/\/www.kristalhacamat.com\/wp-content\/uploads\/2020\/10\/kapaky2p.jpg\" alt=\"\" class=\"wp-image-270\" width=\"496\" height=\"390\" srcset=\"https:\/\/www.kristalhacamat.com\/wp-content\/uploads\/2020\/10\/kapaky2p.jpg 991w, https:\/\/www.kristalhacamat.com\/wp-content\/uploads\/2020\/10\/kapaky2p-300x236.jpg 300w, https:\/\/www.kristalhacamat.com\/wp-content\/uploads\/2020\/10\/kapaky2p-768x604.jpg 768w\" sizes=\"(max-width: 496px) 100vw, 496px\" \/><figcaption>50 Adt. 7cm Kupa + 2 Parmak Pompa<\/figcaption><\/figure><\/div>\n\n\n\n<div class=\"wp-block-image is-style-default\"><figure class=\"aligncenter size-large is-resized\"><img loading=\"lazy\" src=\"http:\/\/www.kristalhacamat.com\/wp-content\/uploads\/2020\/10\/kapaky2p.jpg\" alt=\"\" class=\"wp-image-270\" width=\"496\" height=\"390\" srcset=\"https:\/\/www.kristalhacamat.com\/wp-content\/uploads\/2020\/10\/kapaky2p.jpg 991w, https:\/\/www.kristalhacamat.com\/wp-content\/uploads\/2020\/10\/kapaky2p-300x236.jpg 300w, https:\/\/www.kristalhacamat.com\/wp-content\/uploads\/2020\/10\/kapaky2p-768x604.jpg 768w\" sizes=\"(max-width: 496px) 100vw, 496px\" \/><figcaption>50 Adt. 5cm Kupa + 2 Parmak Pompa<\/figcaption><\/figure><\/div>\n\n\n\n<div class=\"wp-block-image is-style-default\"><figure class=\"aligncenter size-large is-resized\"><img loading=\"lazy\" src=\"http:\/\/www.kristalhacamat.com\/wp-content\/uploads\/2020\/10\/kapaky2p.jpg\" alt=\"\" class=\"wp-image-270\" width=\"496\" height=\"390\" srcset=\"https:\/\/www.kristalhacamat.com\/wp-content\/uploads\/2020\/10\/kapaky2p.jpg 991w, https:\/\/www.kristalhacamat.com\/wp-content\/uploads\/2020\/10\/kapaky2p-300x236.jpg 300w, https:\/\/www.kristalhacamat.com\/wp-content\/uploads\/2020\/10\/kapaky2p-768x604.jpg 768w\" sizes=\"(max-width: 496px) 100vw, 496px\" \/><figcaption>50 Adt. 3cm Kupa + 2 Parmak Pompa<\/figcaption><\/figure><\/div>\n\n\n\n<div class=\"wp-block-image is-style-default\"><figure class=\"aligncenter size-large is-resized\"><img loading=\"lazy\" src=\"http:\/\/www.kristalhacamat.com\/wp-content\/uploads\/2020\/10\/kapak-1-1.jpg\" alt=\"\" class=\"wp-image-265\" width=\"495\" height=\"297\" srcset=\"https:\/\/www.kristalhacamat.com\/wp-content\/uploads\/2020\/10\/kapak-1-1.jpg 990w, https:\/\/www.kristalhacamat.com\/wp-content\/uploads\/2020\/10\/kapak-1-1-300x180.jpg 300w, https:\/\/www.kristalhacamat.com\/wp-content\/uploads\/2020\/10\/kapak-1-1-768x460.jpg 768w\" sizes=\"(max-width: 495px) 100vw, 495px\" \/><figcaption>50 Adt. 7cm Kupa<\/figcaption><\/figure><\/div>\n\n\n\n<div class=\"wp-block-image is-style-default\"><figure class=\"aligncenter size-large is-resized\"><img loading=\"lazy\" src=\"http:\/\/www.kristalhacamat.com\/wp-content\/uploads\/2020\/10\/kapak-1-1.jpg\" alt=\"\" class=\"wp-image-265\" width=\"450\" height=\"252\"\/><figcaption>50 Adt. 5cm Kupa<\/figcaption><\/figure><\/div>\n\n\n\n<div class=\"wp-block-image is-style-default\"><figure class=\"aligncenter size-large is-resized\"><img loading=\"lazy\" src=\"http:\/\/www.kristalhacamat.com\/wp-content\/uploads\/2020\/10\/kapak-1-1.jpg\" alt=\"\" class=\"wp-image-265\" width=\"405\" height=\"207\"\/><figcaption>50 Adt. 3cm Kupa<\/figcaption><\/figure><\/div>\n\n\n\n<div class=\"wp-block-image is-style-default\"><figure class=\"aligncenter size-large\"><img loading=\"lazy\" width=\"671\" height=\"459\" src=\"http:\/\/www.kristalhacamat.com\/wp-content\/uploads\/2020\/10\/yedk-uc-1.jpg\" alt=\"\" class=\"wp-image-266\" srcset=\"https:\/\/www.kristalhacamat.com\/wp-content\/uploads\/2020\/10\/yedk-uc-1.jpg 671w, https:\/\/www.kristalhacamat.com\/wp-content\/uploads\/2020\/10\/yedk-uc-1-300x205.jpg 300w\" sizes=\"(max-width: 671px) 100vw, 671px\" \/><figcaption>Tek \u0130\u011fneli Yedek Kalem Ucu<\/figcaption><\/figure><\/div>\n\n\n\n<div class=\"wp-block-image is-style-default\"><figure class=\"aligncenter size-large\"><img loading=\"lazy\" width=\"1024\" height=\"1024\" src=\"http:\/\/www.kristalhacamat.com\/wp-content\/uploads\/2020\/10\/ucydk.jpg\" alt=\"\" class=\"wp-image-268\" srcset=\"https:\/\/www.kristalhacamat.com\/wp-content\/uploads\/2020\/10\/ucydk.jpg 1024w, https:\/\/www.kristalhacamat.com\/wp-content\/uploads\/2020\/10\/ucydk-300x300.jpg 300w, https:\/\/www.kristalhacamat.com\/wp-content\/uploads\/2020\/10\/ucydk-150x150.jpg 150w, https:\/\/www.kristalhacamat.com\/wp-content\/uploads\/2020\/10\/ucydk-768x768.jpg 768w, https:\/\/www.kristalhacamat.com\/wp-content\/uploads\/2020\/10\/ucydk-100x100.jpg 100w\" sizes=\"(max-width: 1024px) 100vw, 1024px\" \/><figcaption>3 \u0130\u011fneli Yedek Kalem Ucu<\/figcaption><\/figure><\/div>\n","protected":false},"excerpt":{"rendered":"<p>Kupa, Pompa, \u0130\u011fne, Kalem, Kalem u\u00e7lar\u0131, Argan Ya\u011f\u0131 ve daha fazlas\u0131 i\u00e7in l\u00fctfen ileti\u015fime ge\u00e7iniz&#8230;.<\/p>\n","protected":false},"author":1,"featured_media":0,"parent":0,"menu_order":0,"comment_status":"closed","ping_status":"closed","template":"","meta":[],"_links":{"self":[{"href":"https:\/\/www.kristalhacamat.com\/index.php?rest_route=\/wp\/v2\/pages\/235"}],"collection":[{"href":"https:\/\/www.kristalhacamat.com\/index.php?rest_route=\/wp\/v2\/pages"}],"about":[{"href":"https:\/\/www.kristalhacamat.com\/index.php?rest_route=\/wp\/v2\/types\/page"}],"author":[{"embeddable":true,"href":"https:\/\/www.kristalhacamat.com\/index.php?rest_route=\/wp\/v2\/users\/1"}],"replies":[{"embeddable":true,"href":"https:\/\/www.kristalhacamat.com\/index.php?rest_route=%2Fwp%2Fv2%2Fcomments&post=235"}],"version-history":[{"count":4,"href":"https:\/\/www.kristalhacamat.com\/index.php?rest_route=\/wp\/v2\/pages\/235\/revisions"}],"predecessor-version":[{"id":271,"href":"https:\/\/www.kristalhacamat.com\/index.php?rest_route=\/wp\/v2\/pages\/235\/revisions\/271"}],"wp:attachment":[{"href":"https:\/\/www.kristalhacamat.com\/index.php?rest_route=%2Fwp%2Fv2%2Fmedia&parent=235"}],"curies":[{"name":"wp","href":"https:\/\/api.w.org\/{rel}","templated":true}]}}